{"id":34,"date":"2025-02-21T09:17:28","date_gmt":"2025-02-21T09:17:28","guid":{"rendered":"https:\/\/cape.ftpporto.com\/?page_id=34"},"modified":"2025-10-09T10:03:37","modified_gmt":"2025-10-09T10:03:37","slug":"ficha-tecnica","status":"publish","type":"page","link":"https:\/\/cape.ftpporto.com\/index.php\/ficha-tecnica\/","title":{"rendered":"Ficha T\u00e9cnica"},"content":{"rendered":"<div class=\"wpb-content-wrapper\"><div class=\"vc_row wpb_row vc_row-fluid vc_custom_1740129310182 vc_row-o-content-middle vc_row-flex\"><div class=\"wpb_column vc_column_container vc_col-sm-12\"><div class=\"vc_column-inner\"><div class=\"wpb_wrapper\">\n\t<div class=\"wpb_text_column wpb_content_element\" >\n\t\t<div class=\"wpb_wrapper\">\n\t\t\t<div class=\"is-layout-flex wp-container-3 wp-block-columns alignwide are-vertically-aligned-center\">\n<div class=\"is-layout-flow wp-block-column is-vertically-aligned-center\">\n<p class=\"has-neve-text-color-color has-text-color\"><strong>Nome Opera\u00e7\u00e3o<br \/>\nNORTE0230-FEDER-01241200<br \/>\n<\/strong><br \/>\n<strong>Nome Entidade Benefici\u00e1ria<br \/>\n<\/strong>FTP-Lda: Investimento: 525.317,37\u20ac Incentivo: 419.717,90\u20ac<strong><br \/>\n<\/strong>ISEP: Investimento: 363.405,15\u20ac Incentivo: 308.894,38\u20ac<br \/>\nSANIMAIA: Investimento: 46.161,41\u20ac Incentivo: 39.929,12\u20ac<\/p>\n<p><strong>Investimento Total | 934.883,93\u20ac<\/strong><br \/>\n<strong>Apoio Financeira da Uni\u00e3o Europeia | 765.541,40\u20ac<\/strong><\/p>\n<p class=\"has-neve-text-color-color has-text-color\"><strong>Objectivo<\/strong><\/p>\n<p>O setor do com\u00e9rcio a retalho desempenha um papel crucial na economia da Uni\u00e3o Europeia, mas enfrenta desafios significativos nas \u00e1reas de sustentabilidade, digitaliza\u00e7\u00e3o e compet\u00eancias. O projeto CAPE surge como uma iniciativa inovadora para transformar a experi\u00eancia de compra e melhorar o ambiente de trabalho no setor do retalho, atrav\u00e9s da ado\u00e7\u00e3o de tecnologias como Intelig\u00eancia Artificial, Blockchain, Internet das Coisas e Aprendizagem Profunda. Entre os objetivos do projeto destacam-se a cria\u00e7\u00e3o de experi\u00eancias personalizadas, otimiza\u00e7\u00e3o do desempenho de rob\u00f4s e quiosques e o desenvolvimento de solu\u00e7\u00f5es inovadoras para gest\u00e3o de recursos, rastreamento de funcion\u00e1rios e envolvimento do cliente. Os cinco casos de uso do CAPE focam-se na melhoria da experi\u00eancia do consumidor, recomenda\u00e7\u00e3o personalizada de produtos, satisfa\u00e7\u00e3o dos funcion\u00e1rios, seguran\u00e7a no fabrico inteligente e otimiza\u00e7\u00e3o das opera\u00e7\u00f5es de loja.<\/p>\n<p>A implementa\u00e7\u00e3o destas tecnologias pretende aumentar as vendas, melhorar a efici\u00eancia e garantir um ambiente de retalho mais interativo e seguro. O apoio financeiro da Uni\u00e3o Europeia ao projeto CAPE \u00e9 essencial para acelerar a digitaliza\u00e7\u00e3o do com\u00e9rcio a retalho, permitindo a ado\u00e7\u00e3o de solu\u00e7\u00f5es inovadoras e a moderniza\u00e7\u00e3o das infraestruturas. Al\u00e9m de beneficiar a experi\u00eancia do cliente e a produtividade dos funcion\u00e1rios, este investimento fomenta a competitividade do setor a n\u00edvel global<\/p>\n<\/div>\n<\/div>\n\n\t\t<\/div>\n\t<\/div>\n<\/div><\/div><\/div><\/div><div class=\"vc_row wpb_row vc_row-fluid vc_row-o-content-middle vc_row-flex\"><div class=\"wpb_column vc_column_container vc_col-sm-12\"><div class=\"vc_column-inner\"><div class=\"wpb_wrapper\">\n\t<div  class=\"wpb_single_image wpb_content_element vc_align_center wpb_content_element\">\n\t\t\n\t\t<figure class=\"wpb_wrapper vc_figure\">\n\t\t\t<div class=\"vc_single_image-wrapper   vc_box_border_grey\"><img decoding=\"async\" class=\"vc_single_image-img \" src=\"https:\/\/cape.ftpporto.com\/wp-content\/uploads\/2025\/02\/Barra-Financiamento-700x92.png\" width=\"700\" height=\"92\" alt=\"Barra Financiamento\" title=\"Barra Financiamento\" loading=\"lazy\" \/><\/div>\n\t\t<\/figure>\n\t<\/div>\n<\/div><\/div><\/div><\/div>\n<\/div>","protected":false},"excerpt":{"rendered":"Nome Opera\u00e7\u00e3o NORTE0230-FEDER-01241200 Nome Entidade Benefici\u00e1ria FTP-Lda: Investimento: 525.317,37\u20ac Incentivo: 419.717,90\u20ac ISEP: Investimento: 363.405,15\u20ac Incentivo: 308.894,38\u20ac SANIMAIA: Investimento: 46.161,41\u20ac Incentivo: 39.929,12\u20ac Investimento Total | 934.883,93\u20ac Apoio Financeira da Uni\u00e3o Europeia ...","protected":false},"author":1,"featured_media":0,"parent":0,"menu_order":0,"comment_status":"closed","ping_status":"open","template":"","meta":{"footnotes":""},"class_list":["post-34","page","type-page","status-publish","hentry"],"_links":{"self":[{"href":"https:\/\/cape.ftpporto.com\/index.php\/wp-json\/wp\/v2\/pages\/34","targetHints":{"allow":["GET"]}}],"collection":[{"href":"https:\/\/cape.ftpporto.com\/index.php\/wp-json\/wp\/v2\/pages"}],"about":[{"href":"https:\/\/cape.ftpporto.com\/index.php\/wp-json\/wp\/v2\/types\/page"}],"author":[{"embeddable":true,"href":"https:\/\/cape.ftpporto.com\/index.php\/wp-json\/wp\/v2\/users\/1"}],"replies":[{"embeddable":true,"href":"https:\/\/cape.ftpporto.com\/index.php\/wp-json\/wp\/v2\/comments?post=34"}],"version-history":[{"count":5,"href":"https:\/\/cape.ftpporto.com\/index.php\/wp-json\/wp\/v2\/pages\/34\/revisions"}],"predecessor-version":[{"id":133,"href":"https:\/\/cape.ftpporto.com\/index.php\/wp-json\/wp\/v2\/pages\/34\/revisions\/133"}],"wp:attachment":[{"href":"https:\/\/cape.ftpporto.com\/index.php\/wp-json\/wp\/v2\/media?parent=34"}],"curies":[{"name":"wp","href":"https:\/\/api.w.org\/{rel}","templated":true}]}}